{"id":7021,"date":"2019-09-17T08:15:57","date_gmt":"2019-09-17T08:15:57","guid":{"rendered":"http:\/\/catchthemes.com\/demo\/kids-camp-pro\/?page_id=7021"},"modified":"2025-01-15T11:52:06","modified_gmt":"2025-01-15T11:52:06","slug":"photo-gallary","status":"publish","type":"page","link":"https:\/\/tagesmutter-vellmar.de\/index.php\/photo-gallary\/","title":{"rendered":"Bil\u00adder\u00adga\u00adle\u00adrie"},"content":{"rendered":"\n<p>F\u00fcr alle, die sich f\u00fcr mich und meine T\u00e4tig\u00adkeit inter\u00ades\u00adsie\u00adren, sind hier ein paar Bil\u00adder, die einen Ein\u00addruck von mei\u00adnem All\u00adtag mit den Kin\u00addern ver\u00admit\u00adteln und Sie auf die Betreu\u00adung der Kin\u00adder bei mir als Tages\u00admut\u00adter ein\u00adstim\u00admen sol\u00adlen. W\u00e4h\u00adrend eines per\u00ads\u00f6n\u00adli\u00adchen Ken\u00adnen\u00adler\u00adnens k\u00f6n\u00adnen Sie auch gerne wei\u00adtere Ein\u00adbli\u00adcke bekommen.&nbsp;<\/p>\n\n\n\n<p>Ich freue mich, wenn Ihnen der kleine Ein\u00adblick in meine h\u00e4us\u00adli\u00adche Arbeits\u00adum\u00adge\u00adbung gef\u00e4llt.<\/p>\n\n\n\n<p>Bei Inter\u00adesse wen\u00adden Sie sich gerne an&nbsp;mich!<\/p>\n\n\n\n<blockquote class=\"wp-block-quote is-style-default has-text-color has-link-color wp-elements-ce2b8b5c29ea3531279d7bdfefbd204a is-layout-flow wp-block-quote-is-layout-flow\" style=\"color:#622a14\"><\/blockquote>\n\n\n<div data-carousel-extra=\"{&quot;blog_id&quot;:1,&quot;permalink&quot;:&quot;https:\\\/\\\/tagesmutter-vellmar.de\\\/index.php\\\/photo-gallary\\\/&quot;}\" class=\"tiled-gallery type-rectangular\" data-original-width=\"960\"><div class=\"gallery-row\" style=\"width: 955px; height: 547px;\"><div class=\"gallery-group images-1\" style=\"width: 589px; height: 551px;\"><div class=\"tiled-gallery-item tiled-gallery-item-full\"><a href=\"https:\/\/tagesmutter-vellmar.de\/index.php\/photo-gallary\/gallery-5\/\"><img loading=\"lazy\" decoding=\"async\" data-attachment-id=\"7059\" data-orig-file=\"https:\/\/tagesmutter-vellmar.de\/wp-content\/uploads\/2019\/09\/gallery-5.jpg\" data-orig-size=\"695,650\" data-comments-opened=\"1\" data-image-meta=\"{&quot;aperture&quot;:&quot;0&quot;,&quot;credit&quot;:&quot;&quot;,&quot;camera&quot;:&quot;&quot;,&quot;caption&quot;:&quot;&quot;,&quot;created_timestamp&quot;:&quot;0&quot;,&quot;copyright&quot;:&quot;&quot;,&quot;focal_length&quot;:&quot;0&quot;,&quot;iso&quot;:&quot;0&quot;,&quot;shutter_speed&quot;:&quot;0&quot;,&quot;title&quot;:&quot;&quot;,&quot;orientation&quot;:&quot;0&quot;}\" data-image-title=\"gallery-5\" data-image-description data-medium-file=\"https:\/\/tagesmutter-vellmar.de\/wp-content\/uploads\/2019\/09\/gallery-5-300x281.jpg\" data-large-file=\"https:\/\/tagesmutter-vellmar.de\/wp-content\/uploads\/2019\/09\/gallery-5.jpg\" src=\"https:\/\/tagesmutter-vellmar.de\/wp-content\/uploads\/2019\/09\/gallery-5.jpg\" width=\"585\" height=\"547\" align=\"left\" title=\"gallery-5\"><\/a><\/div><\/div><div class=\"gallery-group images-2\" style=\"width: 366px; height: 551px;\"><div class=\"tiled-gallery-item tiled-gallery-item-full\"><a href=\"https:\/\/tagesmutter-vellmar.de\/index.php\/photo-gallary\/p1175234-2\/\"><img loading=\"lazy\" decoding=\"async\" data-attachment-id=\"7236\" data-orig-file=\"https:\/\/tagesmutter-vellmar.de\/wp-content\/uploads\/2024\/11\/P1175234-1.jpg\" data-orig-size=\"4864,3648\" data-comments-opened=\"0\" data-image-meta=\"{&quot;aperture&quot;:&quot;4&quot;,&quot;credit&quot;:&quot;&quot;,&quot;camera&quot;:&quot;DC-FZ10002&quot;,&quot;caption&quot;:&quot;&quot;,&quot;created_timestamp&quot;:&quot;1728485515&quot;,&quot;copyright&quot;:&quot;&quot;,&quot;focal_length&quot;:&quot;114.8&quot;,&quot;iso&quot;:&quot;1600&quot;,&quot;shutter_speed&quot;:&quot;0.0125&quot;,&quot;title&quot;:&quot;&quot;,&quot;orientation&quot;:&quot;0&quot;}\" data-image-title=\"P1175234\" data-image-description data-medium-file=\"https:\/\/tagesmutter-vellmar.de\/wp-content\/uploads\/2024\/11\/P1175234-1-300x225.jpg\" data-large-file=\"https:\/\/tagesmutter-vellmar.de\/wp-content\/uploads\/2024\/11\/P1175234-1-1024x768.jpg\" src=\"https:\/\/tagesmutter-vellmar.de\/wp-content\/uploads\/2024\/11\/P1175234-1.jpg\" width=\"362\" height=\"272\" align=\"left\" title=\"P1175234\"><\/a><\/div><div class=\"tiled-gallery-item tiled-gallery-item-full\"><a href=\"https:\/\/tagesmutter-vellmar.de\/index.php\/photo-gallary\/p1175214\/\"><img loading=\"lazy\" decoding=\"async\" data-attachment-id=\"7234\" data-orig-file=\"https:\/\/tagesmutter-vellmar.de\/wp-content\/uploads\/2024\/11\/P1175214.jpg\" data-orig-size=\"4864,3648\" data-comments-opened=\"0\" data-image-meta=\"{&quot;aperture&quot;:&quot;3.3&quot;,&quot;credit&quot;:&quot;&quot;,&quot;camera&quot;:&quot;DC-FZ10002&quot;,&quot;caption&quot;:&quot;&quot;,&quot;created_timestamp&quot;:&quot;1728484222&quot;,&quot;copyright&quot;:&quot;&quot;,&quot;focal_length&quot;:&quot;17.27&quot;,&quot;iso&quot;:&quot;640&quot;,&quot;shutter_speed&quot;:&quot;0.0125&quot;,&quot;title&quot;:&quot;&quot;,&quot;orientation&quot;:&quot;0&quot;}\" data-image-title=\"P1175214\" data-image-description data-medium-file=\"https:\/\/tagesmutter-vellmar.de\/wp-content\/uploads\/2024\/11\/P1175214-300x225.jpg\" data-large-file=\"https:\/\/tagesmutter-vellmar.de\/wp-content\/uploads\/2024\/11\/P1175214-1024x768.jpg\" src=\"https:\/\/tagesmutter-vellmar.de\/wp-content\/uploads\/2024\/11\/P1175214.jpg\" width=\"362\" height=\"271\" align=\"left\" title=\"P1175214\"><\/a><\/div><\/div><\/div><div class=\"gallery-row\" style=\"width: 955px; height: 438px;\"><div class=\"gallery-group images-2\" style=\"width: 294px; height: 442px;\"><div class=\"tiled-gallery-item tiled-gallery-item-full\"><a href=\"https:\/\/tagesmutter-vellmar.de\/index.php\/photo-gallary\/p1175218\/\"><img loading=\"lazy\" decoding=\"async\" data-attachment-id=\"7235\" data-orig-file=\"https:\/\/tagesmutter-vellmar.de\/wp-content\/uploads\/2024\/11\/P1175218.jpg\" data-orig-size=\"4864,3648\" data-comments-opened=\"0\" data-image-meta=\"{&quot;aperture&quot;:&quot;2.8&quot;,&quot;credit&quot;:&quot;&quot;,&quot;camera&quot;:&quot;DC-FZ10002&quot;,&quot;caption&quot;:&quot;&quot;,&quot;created_timestamp&quot;:&quot;1728485191&quot;,&quot;copyright&quot;:&quot;&quot;,&quot;focal_length&quot;:&quot;9.12&quot;,&quot;iso&quot;:&quot;125&quot;,&quot;shutter_speed&quot;:&quot;0.003125&quot;,&quot;title&quot;:&quot;&quot;,&quot;orientation&quot;:&quot;0&quot;}\" data-image-title=\"P1175218\" data-image-description data-medium-file=\"https:\/\/tagesmutter-vellmar.de\/wp-content\/uploads\/2024\/11\/P1175218-300x225.jpg\" data-large-file=\"https:\/\/tagesmutter-vellmar.de\/wp-content\/uploads\/2024\/11\/P1175218-1024x768.jpg\" src=\"https:\/\/tagesmutter-vellmar.de\/wp-content\/uploads\/2024\/11\/P1175218.jpg\" width=\"290\" height=\"217\" align=\"left\" title=\"P1175218\"><\/a><\/div><div class=\"tiled-gallery-item tiled-gallery-item-full\"><a href=\"https:\/\/tagesmutter-vellmar.de\/index.php\/photo-gallary\/p1175259\/\"><img loading=\"lazy\" decoding=\"async\" data-attachment-id=\"7237\" data-orig-file=\"https:\/\/tagesmutter-vellmar.de\/wp-content\/uploads\/2024\/11\/P1175259.jpg\" data-orig-size=\"4864,3648\" data-comments-opened=\"0\" data-image-meta=\"{&quot;aperture&quot;:&quot;3.3&quot;,&quot;credit&quot;:&quot;&quot;,&quot;camera&quot;:&quot;DC-FZ10002&quot;,&quot;caption&quot;:&quot;&quot;,&quot;created_timestamp&quot;:&quot;1728485892&quot;,&quot;copyright&quot;:&quot;&quot;,&quot;focal_length&quot;:&quot;17.54&quot;,&quot;iso&quot;:&quot;1250&quot;,&quot;shutter_speed&quot;:&quot;0.0125&quot;,&quot;title&quot;:&quot;&quot;,&quot;orientation&quot;:&quot;0&quot;}\" data-image-title=\"P1175259\" data-image-description data-medium-file=\"https:\/\/tagesmutter-vellmar.de\/wp-content\/uploads\/2024\/11\/P1175259-300x225.jpg\" data-large-file=\"https:\/\/tagesmutter-vellmar.de\/wp-content\/uploads\/2024\/11\/P1175259-1024x768.jpg\" src=\"https:\/\/tagesmutter-vellmar.de\/wp-content\/uploads\/2024\/11\/P1175259.jpg\" width=\"290\" height=\"217\" align=\"left\" title=\"P1175259\"><\/a><\/div><\/div><div class=\"gallery-group images-1\" style=\"width: 661px; height: 442px;\"><div class=\"tiled-gallery-item tiled-gallery-item-full\"><a href=\"https:\/\/tagesmutter-vellmar.de\/index.php\/photo-gallary\/p1175261\/\"><img loading=\"lazy\" decoding=\"async\" data-attachment-id=\"7238\" data-orig-file=\"https:\/\/tagesmutter-vellmar.de\/wp-content\/uploads\/2024\/11\/P1175261.jpg\" data-orig-size=\"5305,3537\" data-comments-opened=\"0\" data-image-meta=\"{&quot;aperture&quot;:&quot;3.2&quot;,&quot;credit&quot;:&quot;&quot;,&quot;camera&quot;:&quot;DC-FZ10002&quot;,&quot;caption&quot;:&quot;&quot;,&quot;created_timestamp&quot;:&quot;1728485977&quot;,&quot;copyright&quot;:&quot;&quot;,&quot;focal_length&quot;:&quot;15.76&quot;,&quot;iso&quot;:&quot;1250&quot;,&quot;shutter_speed&quot;:&quot;0.0125&quot;,&quot;title&quot;:&quot;&quot;,&quot;orientation&quot;:&quot;0&quot;}\" data-image-title=\"P1175261\" data-image-description data-medium-file=\"https:\/\/tagesmutter-vellmar.de\/wp-content\/uploads\/2024\/11\/P1175261-300x200.jpg\" data-large-file=\"https:\/\/tagesmutter-vellmar.de\/wp-content\/uploads\/2024\/11\/P1175261-1024x683.jpg\" src=\"https:\/\/tagesmutter-vellmar.de\/wp-content\/uploads\/2024\/11\/P1175261.jpg\" width=\"657\" height=\"438\" align=\"left\" title=\"P1175261\"><\/a><\/div><\/div><\/div><div class=\"gallery-row\" style=\"width: 955px; height: 670px;\"><div class=\"gallery-group images-1\" style=\"width: 507px; height: 674px;\"><div class=\"tiled-gallery-item tiled-gallery-item-full\"><a href=\"https:\/\/tagesmutter-vellmar.de\/index.php\/photo-gallary\/p1175265\/\"><img loading=\"lazy\" decoding=\"async\" data-attachment-id=\"7240\" data-orig-file=\"https:\/\/tagesmutter-vellmar.de\/wp-content\/uploads\/2024\/11\/P1175265.jpg\" data-orig-size=\"3648,4864\" data-comments-opened=\"0\" data-image-meta=\"{&quot;aperture&quot;:&quot;3.2&quot;,&quot;credit&quot;:&quot;&quot;,&quot;camera&quot;:&quot;DC-FZ10002&quot;,&quot;caption&quot;:&quot;&quot;,&quot;created_timestamp&quot;:&quot;1728486094&quot;,&quot;copyright&quot;:&quot;&quot;,&quot;focal_length&quot;:&quot;14.76&quot;,&quot;iso&quot;:&quot;1600&quot;,&quot;shutter_speed&quot;:&quot;0.0125&quot;,&quot;title&quot;:&quot;&quot;,&quot;orientation&quot;:&quot;0&quot;}\" data-image-title=\"P1175265\" data-image-description data-medium-file=\"https:\/\/tagesmutter-vellmar.de\/wp-content\/uploads\/2024\/11\/P1175265-225x300.jpg\" data-large-file=\"https:\/\/tagesmutter-vellmar.de\/wp-content\/uploads\/2024\/11\/P1175265-768x1024.jpg\" src=\"https:\/\/tagesmutter-vellmar.de\/wp-content\/uploads\/2024\/11\/P1175265.jpg\" width=\"503\" height=\"670\" align=\"left\" title=\"P1175265\"><\/a><\/div><\/div><div class=\"gallery-group images-2\" style=\"width: 448px; height: 674px;\"><div class=\"tiled-gallery-item tiled-gallery-item-full\"><a href=\"https:\/\/tagesmutter-vellmar.de\/index.php\/photo-gallary\/p1175274\/\"><img loading=\"lazy\" decoding=\"async\" data-attachment-id=\"7241\" data-orig-file=\"https:\/\/tagesmutter-vellmar.de\/wp-content\/uploads\/2024\/11\/P1175274.jpg\" data-orig-size=\"4864,3648\" data-comments-opened=\"0\" data-image-meta=\"{&quot;aperture&quot;:&quot;3.7&quot;,&quot;credit&quot;:&quot;&quot;,&quot;camera&quot;:&quot;DC-FZ10002&quot;,&quot;caption&quot;:&quot;&quot;,&quot;created_timestamp&quot;:&quot;1728486262&quot;,&quot;copyright&quot;:&quot;&quot;,&quot;focal_length&quot;:&quot;29.94&quot;,&quot;iso&quot;:&quot;1600&quot;,&quot;shutter_speed&quot;:&quot;0.02&quot;,&quot;title&quot;:&quot;&quot;,&quot;orientation&quot;:&quot;0&quot;}\" data-image-title=\"P1175274\" data-image-description data-medium-file=\"https:\/\/tagesmutter-vellmar.de\/wp-content\/uploads\/2024\/11\/P1175274-300x225.jpg\" data-large-file=\"https:\/\/tagesmutter-vellmar.de\/wp-content\/uploads\/2024\/11\/P1175274-1024x768.jpg\" src=\"https:\/\/tagesmutter-vellmar.de\/wp-content\/uploads\/2024\/11\/P1175274.jpg\" width=\"444\" height=\"333\" align=\"left\" title=\"P1175274\"><\/a><\/div><div class=\"tiled-gallery-item tiled-gallery-item-full\"><a href=\"https:\/\/tagesmutter-vellmar.de\/index.php\/photo-gallary\/p1175282\/\"><img loading=\"lazy\" decoding=\"async\" data-attachment-id=\"7242\" data-orig-file=\"https:\/\/tagesmutter-vellmar.de\/wp-content\/uploads\/2024\/11\/P1175282.jpg\" data-orig-size=\"4864,3648\" data-comments-opened=\"0\" data-image-meta=\"{&quot;aperture&quot;:&quot;3.3&quot;,&quot;credit&quot;:&quot;&quot;,&quot;camera&quot;:&quot;DC-FZ10002&quot;,&quot;caption&quot;:&quot;&quot;,&quot;created_timestamp&quot;:&quot;1728486966&quot;,&quot;copyright&quot;:&quot;&quot;,&quot;focal_length&quot;:&quot;18.44&quot;,&quot;iso&quot;:&quot;1600&quot;,&quot;shutter_speed&quot;:&quot;0.02&quot;,&quot;title&quot;:&quot;&quot;,&quot;orientation&quot;:&quot;0&quot;}\" data-image-title=\"P1175282\" data-image-description data-medium-file=\"https:\/\/tagesmutter-vellmar.de\/wp-content\/uploads\/2024\/11\/P1175282-300x225.jpg\" data-large-file=\"https:\/\/tagesmutter-vellmar.de\/wp-content\/uploads\/2024\/11\/P1175282-1024x768.jpg\" src=\"https:\/\/tagesmutter-vellmar.de\/wp-content\/uploads\/2024\/11\/P1175282.jpg\" width=\"444\" height=\"333\" align=\"left\" title=\"P1175282\"><\/a><\/div><\/div><\/div><\/div>","protected":false},"excerpt":{"rendered":"<p>F\u00fcr alle, die sich f\u00fcr mich und meine T\u00e4tig\u00adkeit inter\u00ades\u00adsie\u00adren, sind hier ein paar Bil\u00adder, die einen Ein\u00addruck von mei\u00adnem All\u00adtag mit den Kin\u00addern ver\u00admit\u00adteln und Sie auf die Betreu\u00adung der Kin\u00adder bei mir als Tages\u00admut\u00adter ein\u00adstim\u00admen sol\u00adlen. W\u00e4h\u00adrend eines per\u00ads\u00f6n\u00adli\u00adchen Ken\u00adnen\u00adler\u00adnens k\u00f6n\u00adnen Sie auch gerne wei\u00adtere Ein\u00adbli\u00adcke bekom\u00admen.&nbsp; Ich freue mich, wenn Ihnen der kleine Ein\u00adblick in meine h\u00e4us\u00adli\u00adche Arbeits\u00adum\u00adge\u00adbung gef\u00e4llt. Bei Inter\u00adesse wen\u00adden Sie sich gerne an&nbsp;mich!<\/p>\n","protected":false},"author":1,"featured_media":7191,"parent":0,"menu_order":0,"comment_status":"closed","ping_status":"closed","template":"","meta":{"wp_typography_post_enhancements_disabled":false,"footnotes":""},"class_list":["post-7021","page","type-page","status-publish","has-post-thumbnail","hentry"],"_links":{"self":[{"href":"https:\/\/tagesmutter-vellmar.de\/index.php\/wp-json\/wp\/v2\/pages\/7021","targetHints":{"allow":["GET"]}}],"collection":[{"href":"https:\/\/tagesmutter-vellmar.de\/index.php\/wp-json\/wp\/v2\/pages"}],"about":[{"href":"https:\/\/tagesmutter-vellmar.de\/index.php\/wp-json\/wp\/v2\/types\/page"}],"author":[{"embeddable":true,"href":"https:\/\/tagesmutter-vellmar.de\/index.php\/wp-json\/wp\/v2\/users\/1"}],"replies":[{"embeddable":true,"href":"https:\/\/tagesmutter-vellmar.de\/index.php\/wp-json\/wp\/v2\/comments?post=7021"}],"version-history":[{"count":8,"href":"https:\/\/tagesmutter-vellmar.de\/index.php\/wp-json\/wp\/v2\/pages\/7021\/revisions"}],"predecessor-version":[{"id":7423,"href":"https:\/\/tagesmutter-vellmar.de\/index.php\/wp-json\/wp\/v2\/pages\/7021\/revisions\/7423"}],"wp:featuredmedia":[{"embeddable":true,"href":"https:\/\/tagesmutter-vellmar.de\/index.php\/wp-json\/wp\/v2\/media\/7191"}],"wp:attachment":[{"href":"https:\/\/tagesmutter-vellmar.de\/index.php\/wp-json\/wp\/v2\/media?parent=7021"}],"curies":[{"name":"wp","href":"https:\/\/api.w.org\/{rel}","templated":true}]}}